/2 + 81*d**2 + 2*d. What is the tens digit of x(-39)?
1
Let b(f) = 18720*f + 1303. What is the hundreds digit of b(2)?
7
Let m = -1691 - -793. Let s = 240 - m. What is the hundreds digit of s?
1
Let z(u) = -10*u**2 + 4*u + 4. Let t(m) = -9*m**2 + 2*m + 4. Let r(n) = -4*t(n) + 3*z(n). What is the units digit of r(4)?
8
Let a = 14004 + -4771. What is the units digit of a?
3
Suppose -24*m + 1861800 = 126*m. What is the thousands digit of m?
2
Let z be (-16744)/(-11) + 18/(-99). Suppose l = -2*l - t + z, 3*t - 1017 = -2*l. What is the tens digit of l?
0
Let l(f) = 15*f + 930. Let m = -547 + 547. What is the tens digit of l(m)?
3
Suppose -3*y - 2*n - 4 = 0, -2 = -3*n - 8. Suppose -5*i + 5 = -y. What is the tens digit of (0 + -2)*(i - 2) + 55?
5
Let t be (-7)/6 + (-5)/(-30). Let w(h) = 477*h**2 + 4*h + 2. What is the units digit of w(t)?
5
Suppose 3*v = 2*b + 38283, 3*b - 8665 = 3*v - 46951. Suppose 0 = -16*d - 5111 + v. What is the units digit of d?
8
Let m(o) = -7*o + 25. Let t be m(0). Let z = 854 + t. What is the tens digit of z?
7
Suppose -32*h - 918 = -59*h. Suppose -36*n + 34 = -h*n - 3*w, 2*n = w + 42. What is the units digit of n?
3
Let w = 4226 - 798. What is the thousands digit of w?
3
Suppose x = 2049 + 1121. What is the hundreds digit of x?
1
Suppose 2*v = -652 - 174. What is the units digit of (9/(3 - 0) - 4)*v?
3
Suppose 1845*p = 1700*p + 5591635. What is the units digit of p?
3
Let a(z) = -z**2 - 8*z + 26. Let q be a(-10). What is the tens digit of 904 - -5 - (q + -7)?
1
Let m = 1798 + 243. Suppose 3*n = m - 793. What is the units digit of n?
6
Let u(v) = -30 + 11*v**2 - 23*v + 3 + 8*v + v**3. Let r(m) = m**2 - 41*m - 345. Let a be r(-7). What is the tens digit of u(a)?
7
Let y = -36 + 60. Suppose 129 = y*r - 1311. What is the tens digit of r?
6
Suppose -72*l + 43500 = -42*l. What is the units digit of l?
0
Suppose -z + 343 + 257 = 0. Suppose 0 = -2*o + 392 + z. What is the hundreds digit of o?
4
What is the thousands digit of 4699 - (85/20 + (-5)/20)?
4
Let z(y) = y**3 + 5*y**2 + 8*y + 10. Let g be z(-3). What is the hundreds digit of (20 + g)*112/24?
1
Let m(g) be the third derivative of -g**5/30 - 5*g**4/24 + 5*g**3/3 - 14*g**2. Let z be m(-5). Let y = 3 - z. What is the units digit of y?
8
Let j(i) = -4*i - 10. Let x be j(-3). Suppose -10 = -4*h + y, 0 = -0*y + x*y - 4. Suppose 0*u - 2*u = 2, h*t - 176 = 2*u. What is the units digit of t?
8
Let l(i) = i**2 - 10*i - 7. Let r be l(10). Let q be (r + 2)*(-3 + 2). Suppose q*y + 3*w - 135 = 0, 5*y - 3*w = -2*w + 135. What is the units digit of y?
7
Suppose 16*j - 29*j + 831835 = 40*j. What is the units digit of j?
5
Let f(q) be the first derivative of 8*q**2 - 123*q - 50. What is the units digit of f(34)?
1
Let p(b) be the first derivative of -b**3/3 - 4*b**2 - 27. Let u be p(-8). What is the tens digit of ((1 - u)*-3 - -211) + 4?
1
Let s = -19877 - -28902. Suppose -5*d - 5*u + s = 0, 4*d - 10*u - 7202 = -8*u. What is the hundreds digit of d?
8
Let k = 1026 - 613. Let r = 653 - k. What is the tens digit of r?
4
What is the thousands digit of (56/12 - 4)/((-12)/(-114246))?
6
Suppose -q - 5*q = -2466. Suppose -18*y + q + 11865 = 0. What is the hundreds digit of y?
6
Let n(m) = m**2 - m - 26. Let f be n(-8). Let o = 91 - f. Suppose -4*x = -v - 393, -v + o = x - 47. What is the units digit of x?
7
Let b(r) = r**3 - 35*r**2 + 93*r + 81. What is the units digit of b(35)?
6
Let n = 37 - 25. Let a(z) be the second derivative of 4*z**3/3 - 9*z**2 + 4*z. What is the tens digit of a(n)?
7
Suppose -3*u = h - 1615, -62*h = -65*h - u + 4805. Let g = -189 + h. What is the hundreds digit of g?
4
Let d(n) = -n**3 + 2*n**2 + 5*n + 15. Let z be d(4). What is the units digit of (8/z)/(-4 - (-2140)/534)?
6
Suppose 52203 = 39*n + 5*n - 23213. What is the thousands digit of n?
1
Let q be -1*(-2)/(-4)*-10. Suppose 3*k - 227 = -r + 660, -q*k + 1484 = -4*r. What is the units digit of k?
6
Let a(x) = -4*x + 21 + 7 - 2 + 5*x - 2*x. Suppose 0 = 4*v + 2*y + 67 + 1, 5*v = -3*y - 87. What is the tens digit of a(v)?
4
Let d(q) = 4*q**3 + 130*q**2 - 14*q - 74. What is the tens digit of d(-18)?
7
Suppose -3*q + 59 = 5*m, 4*m = -19*q + 21*q + 34. Let r(a) = 3*a**3 - 25*a**2 + 13*a - 14. What is the hundreds digit of r(m)?
6
Let g = 2311 - 1425. What is the tens digit of g?
8
Suppose 6*k - 5*i = 2*k + 53, 4*k - 8 = -4*i. Suppose m = 2*c + 282, k*c - 2*c - 591 = -2*m. What is the units digit of m?
8
Let u = 84 + 22. Suppose -269 = -3*t + u. What is the units digit of t?
5
Suppose -208448 = 23*y - 1323258. What is the thousands digit of y?
8
Let k(j) = -18*j - 8. Let f be k(7). Let h = 160 - f. Suppose q + 3*x = -48 + 207, -2*x = -2*q + h. What is the hundreds digit of q?
1
Suppose 2*o + 95 = -3*o - 5*z, -25 = 5*z. Let w(l) = -l**3 - 16*l**2 - 27*l + 19. What is the units digit of w(o)?
5
Let z = -238 - -688. Suppose -11*n - z = -13*n. What is the tens digit of n?
2
Suppose 230*y - 1833151 = 1503229. What is the ten thousands digit of y?
1
Let y(n) = -7*n - 66. Let j be y(-10). Suppose 4*b = 2*b - u + 382, 5*u + 778 = j*b. What is the hundreds digit of b?
1
Let n(h) = 2*h**2 + 30*h - 31. Let c(y) = y**2 + 15*y - 15. Let i(s) = 5*c(s) - 2*n(s). Let x be i(-8). Let w = 188 + x. What is the tens digit of w?
1
Let p(u) = -u**3 + 6*u**2 - 6*u + 26. Let k be p(6). Let z(c) = 20*c**2 + 13*c + 146. What is the hundreds digit of z(k)?
0
Suppose 87662 = -159*s + 712691. What is the hundreds digit of s?
9
Let u be 0/(4 + 5/5). Suppose 2*v - 2*b - 272 = u, v + 4*b - 134 = 22. What is the tens digit of v?
4
Let w(d) = -d**2 + 9*d - 15. Let a be w(0). What is the hundreds digit of 1460/a*(-3 + 0)?
2
Let f(v) = 7*v**3 + 148*v**2 - 25*v - 61. What is the thousands digit of f(-18)?
7
Let u(g) = -g**3 - 2*g**2 + 2*g - 3. Let o be u(-3). Suppose o = 166*k - 155*k - 8217. What is the units digit of k?
7
Let v(z) = -63*z - 5. Let u be v(-7). Suppose 4*j + 72 = u. Suppose 3*a = x - 69, 0 = -3*x + 4*a + 96 + j. What is the units digit of x?
7
Suppose -11 = -z - 9. Suppose -v + z*v - 349 = 0. What is the hundreds digit of v?
3
Suppose -23*a = -12 - 126. Suppose a*t - 7740 + 3060 = 0. What is the hundreds digit of t?
7
What is the hundreds digit of (-1)/2 + (-45687)/(-4) - (-81)/108?
4
Let x be (-60)/(-8)*(-5 - -3). What is the hundreds digit of 1*((-4765)/x + 4/(-6))?
3
Let f = 18500 - 4861. What is the units digit of f?
9
Let a(c) = c**3 + 15 + 6 - 31 - 8*c**2 + 8*c. Let f be a(8). Suppose w = f + 6. What is the tens digit of w?
6
Suppose 3*t - 46476 = 3*w, 0 = 3*t - 7*t - 2*w + 61998. Suppose 11*j - t = 3808. What is the units digit of j?
5
Suppose 2*b = -b + 810. Suppose -2111*y = -2118*y. Suppose -10*r + 4*r + b = y. What is the units digit of r?
5
What is the tens digit of 212572/(-3)*1539/(-2052)?
4
Suppose 10*l + 37 = 7. Let j(y) = -6*y**3 + 4*y**2 - 5*y - 19. What is the hundreds digit of j(l)?
1
Let v be (-36)/((-4)/(-6) + 0). Let c be (-2)/(-3) + 3/(v/(-3930)). What is the tens digit of -4 + (-45)/(-10) + c/2?
1
Let c = -974 - -1927. What is the hundreds digit of c?
9
Let s = -18 - -23. Let c(j) = -s*j - j**2 + 12 + 4*j + 14*j + 7*j. What is the units digit of c(15)?
7
Suppose -13*r = 4*r + 4*r - 199731. What is the units digit of r?
1
What is the units digit of 18476/62*(-1)/(-4)*78?
1
Let b(w) be the first derivative of 148*w**2 - 50*w - 200. What is the thousands digit of b(4)?
1
Let s = -552 - -557. Suppose 2036 = 4*f - 4*i, s*f - 28*i + 26*i - 2560 = 0. What is the units digit of f?
4
Suppose -2*s - 12176 = c - 42214, -45046 = -3*s + 4*c. What is the tens digit of s?
1
Suppose b - 3600 = -9*b. Suppose 3*r - b = -3*r. What is the units digit of r?
0
What is the tens digit of 5/(-55)*-2 - (-879886)/22?
9
Let z be (-4)/(4/(-17))*(-10)/(-10). Suppose -z*d + 2662 = -3526. What is the units digit of d?
4
Let n(s) = 526*s + 1262. What is the units digit of n(9)?
6
Suppose -3*h + k + 27 = 0, -19*h - 3*k + 45 = -14*h. Suppose -4*b - 5*c = -154, -188 = h*b - 14*b - 4*c. What is the units digit of b?
6
Suppose -265*n + 251*n + 70 = 0. Let o(w) = 339*w - 26. What is the hundreds digit of o(n)?
6
Suppose 0 = -5*i - 2*w + 30, 42*w + 30 = 5*i + 47*w. Let m(o) = o**2 + 28*o + 7 - 5*o**2 + 7. What is the units digit of m(i)?
8
Let j be (375/(-